the highest common factor of x and 19.
19
Let k = 172 + -117. Let o be (-2)/(-7) + (-600)/(-56). What is the highest common factor of o and k?
11
Suppose -4*g + 5*i + 39 = -146, 0 = g + 5*i - 15. Suppose 0*w - 5*w = -30. Suppose j - w*j = -5*o - 10, -o = -3. What is the highest common factor of j and g?
5
Suppose -12*n = -431 - 169. Calculate the highest common divisor of 25 and n.
25
Let d(o) = o**2 + 19. Let q be d(0). Calculate the greatest common factor of 76 and q.
19
Let y(k) = -k**2 - 7*k - 6. Let x(j) = -2*j + 4. Let w be x(4). Let o be y(w). What is the greatest common divisor of o and 18?
6
Suppose 13*u - 875 - 529 = 0. What is the highest common divisor of u and 72?
36
Suppose -2*d = -3*v, -2*d + 9 = 3*v - d. What is the highest common divisor of v and 3?
1
Let o = 39 - 3. Let a be o + (-2 + 3)*-3. Calculate the greatest common divisor of 22 and a.
11
Suppose 52 = 3*r + 5*h, 6*r - 2*r + h = 58. What is the greatest common factor of 70 and r?
14
Suppose m = 4*m - 33. Calculate the highest common divisor of 55 and m.
11
Suppose -b + 2*t = -35, b + 3*t + 2*t - 7 = 0. What is the greatest common divisor of 63 and b?
9
Let h be ((-54)/21)/((-4)/((-112)/(-6))). Let m(s) = s**3 + 4*s**2 + 3. Let z be m(-4). What is the highest common divisor of h and z?
3
Let c be (2 + 4 - 0) + -3. Suppose -27 = c*p - 123. Suppose 2*u - 4*u = -8. What is the highest common factor of p and u?
4
Let w = 107 - -33. What is the greatest common divisor of 28 and w?
28
Let c = 3 + 3. Suppose 18 = 2*d - 2*s, 2*d + s = -0*d + c. Suppose d = 2*r - r. Calculate the greatest common divisor of r and 45.
5
Suppose -3*b - 15 + 3 = 0, -2*b + 46 = 3*v. Suppose -2*j + 72 = -0*j. Calculate the highest common factor of j and v.
18
Let c = 60 - 55. Calculate the greatest common divisor of 20 and c.
5
Let g be (24/15)/((-2)/(-15)). What is the greatest common divisor of 12 and g?
12
Let w = 22 - 12. Suppose n - w = 3. Let t be 116 + (1 - 2)*-1. What is the greatest common factor of n and t?
13
Suppose -7*d = -3*d + 64. Let y = d + 31. Let b = -62 - -182. Calculate the highest common divisor of b and y.
15
Let a = -36 + 116. What is the highest common divisor of 10 and a?
10
Suppose -129 - 159 = -3*p. Let b(u) = u**2 + 6*u + 4. Let j be b(-6). Suppose -2*k = j*d - 38, -2 + 4 = d + 2*k. What is the highest common divisor of p and d?
12
Let c(v) = -v**3 - 3 - 3*v**3 - 2*v + 3*v**3 + v**2. Let s be c(-2). What is the greatest common divisor of s and 13?
13
Let h(o) = o**3 - o**2 - o + 8. Let v be h(0). Let u(l) = -2*l - 5. Let s be u(-4). Let y be v*1 + s/(-3). What is the highest common factor of 7 and y?
7
Suppose 63 = c + 4*a - 63, -4*c - 5*a = -471. Suppose 4*x - 66 - c = 0. Calculate the highest common factor of 30 and x.
15
Suppose 6*g = -p + g + 53, 5*g = 5*p - 355. Let k = -43 + p. What is the greatest common divisor of 75 and k?
25
Let i(s) = -6*s. Let w be i(-1). Suppose -p - 57 = -w*j + 2*j, 0 = -3*j + 5*p + 47. What is the highest common divisor of 126 and j?
14
Let r(c) = c**3 - 3*c**2 - 4*c + 3. Let i be r(4). Suppose -i*d + 86 = -4. What is the greatest common divisor of d and 15?
15
Suppose -18 = 3*u - 171. What is the greatest common factor of 17 and u?
17
Let y be ((-9)/6)/((-9)/54). Calculate the greatest common factor of y and 9.
9
Suppose 3*z - 159 = -5*h + 2*z, 0 = 4*h - 4*z - 108. Calculate the greatest common factor of 31 and h.
31
Suppose 4*c - 12 = -0*c. What is the highest common factor of c and 9?
3
Let c be (-3)/2*(-4)/3. Let m be 2/(12/9)*c. Calculate the highest common divisor of m and 9.
3
Suppose 0 = -4*z + 3 + 5. Suppose 32 = 4*x - 4*b - 8, z*b - 15 = -5*x. Let s be 2/10 - (-89)/x. What is the greatest common factor of 72 and s?
18
Let g(t) = -3*t + 32. Let s be g(0). Calculate the greatest common divisor of 112 and s.
16
Let p(u) = -u**3 + u**2 + 4*u - 3. Let n be p(2). Let x(d) = -2*d**2 + d + 3. Let j be x(-2). Let y = j - -16. Calculate the greatest common factor of n and y.
1
Let p be (16/10 - 2)*-105. What is the highest common factor of 6 and p?
6
Suppose -2*y - 3*y = -20. Suppose 11 = -y*p + 39. Suppose 0 = -c - 2*c + 21. What is the highest common factor of c and p?
7
Let o(z) = 2*z**2 - 9*z - 10. Let s be o(7). Let y be ((-28)/(-35))/(1/s). What is the highest common divisor of 30 and y?
10
Let s = -7 + 11. Let h be (-18)/(-4) + 2/s. Let u be 222/15 + (-4)/((-80)/4). Calculate the highest common factor of u and h.
5
Suppose -4 + 116 = 4*n. What is the highest common divisor of n and 308?
28
Suppose -3*b - 1 = -2*t, 0 = -0*t - 2*t + 2*b + 4. Let k = 11 - 18. Let o be 3 + k + 1 - -28. What is the highest common factor of t and o?
5
Let a = -13 + 17. Suppose 5*n - 23 = 7. What is the greatest common divisor of a and n?
2
Let g = 601 + -414. Let m(c) = -c**3 + 15*c**2 - 16*c + 12. Let s be m(14). Let w be 3/4 + (-260)/s. What is the greatest common divisor of w and g?
17
Suppose -s = -5*s + 216. Suppose 4*x - 22 = -2. Let y = 11 - x. Calculate the greatest common divisor of s and y.
6
Let n be 3/(-4)*(1 + -17). Calculate the highest common divisor of 24 and n.
12
Let f be -1 - 76/(-4) - 3. What is the highest common factor of f and 15?
15
Let h(u) = -15*u - 3. Suppose 4*c + 3 = -5. Let a be h(c). Let g = 4 - 1. What is the greatest common divisor of a and g?
3
Let d be 402/18 - 2/(-3). What is the greatest common factor of 253 and d?
23
Let w be 2/(-8)*2*-16. Calculate the greatest common factor of w and 8.
8
Suppose 0*x - 3*x = 471. Let w = 267 + x. Calculate the highest common divisor of w and 10.
10
Suppose -3*u = 6, -4*p - 3*u + 2 = -8. Suppose 4*s = 2*t + 1 - 21, p*t + s - 58 = 0. What is the highest common factor of t and 56?
14
Suppose 12 - 32 = 5*h, -5*h + 176 = 2*m. Calculate the greatest common divisor of m and 14.
14
Let b(m) = -m**3 + 8*m**2 + 15*m - 9. Let a be b(9). What is the greatest common divisor of a and 30?
15
Let b(l) = -l**2 - l + 2. Let d be b(-2). Suppose d = -z + 6*z + 30. Let j = z - -18. What is the highest common factor of 36 and j?
12
Let w(z) = -4*z - 8. Let s = -21 + 15. Let p be w(s). Calculate the highest common factor of 112 and p.
16
Suppose -c + 6*f + 33 = 8*f, 0 = f + 3. What is the greatest common divisor of c and 26?
13
Let c = 10 + -3. What is the highest common divisor of 49 and c?
7
Let k be -5*4/20*-4. Let v be 3/k - 77/(-4). Calculate the greatest common factor of v and 30.
10
Suppose -46 = -3*j + 5*n, -j = -0*j + 4*n + 13. Let y = j - -1. Let p be 30*(16/(-6))/(-2). What is the greatest common factor of y and p?
8
Let r(d) = 3*d**3 - 6*d**2 + 4*d. Let g be r(4). Calculate the greatest common factor of g and 14.
14
Let c be (-1 - -2 - 50)*(-96)/336. Let g(h) = -43*h - 5. Let k be g(-5). Suppose -o - 2*o = -k. What is the highest common divisor of o and c?
14
Suppose 5*t + 0 = -3*d + 2, 1 = -t - 2*d. Let q be (-10)/(-4)*(t + 1). Suppose -4*u = -0*u - 180. Calculate the greatest common divisor of u and q.
5
Let y be -10*(0 - (-4)/8). Let d = 9 - y. Calculate the greatest common factor of 70 and d.
14
Let n(w) = -w - 2. Let f be n(-5). Suppose -f*j + o = -o - 22, 62 = 5*j + 3*o. What is the greatest common factor of 70 and j?
10
Let n(d) = -7*d - 1. Let a be n(6). Suppose 2*m - 190 = 5*b, b + 332 = 4*m + 3*b. Let t = m + a. What is the greatest common divisor of 6 and t?
6
Let p(l) = -7 - 4 - l**3 - l**2 + 0*l**3. Let d be p(0). Let a be 0 + (-2)/2 - d. What is the highest common factor of a and 20?
10
Let p = 38 - 19. Suppose 16*z = -973 + 3405. Calculate the highest common divisor of z and p.
19
Let o = 23 + 3. Suppose -r - 4*j = -110, -j - 424 = -5*r + 231. Calculate the greatest common factor of o and r.
26
Suppose 4*g - o = 2*g + 99, 15 = -5*o. Let q = -7 - -2. Let k = 21 + q. Calculate the highest common factor of g and k.
16
Suppose -5 = -8*s + 3*s. Let c be 4*s*(-21)/(-6). What is the greatest common factor of 14 and c?
14
Let n = -61 + 86. Suppose n = a - 1. What is the greatest common divisor of 65 and a?
13
Let r be 3/((-3)/(-2)) - -2. Suppose 104 = 2*s + 4*o, 0 = -2*s + 5*o + 73 + r. Suppose -14 - s = -4*l. What is the highest common factor of l and 6?
3
Let r(o) = 6*o**3 + 3*o**2 + 2*o + 3. Let s be r(3). Calculate the greatest common divisor of s and 18.
18
Let s(i) = 2*i - 2. Let 